. Let g be i(7). Suppose -2*p + 27 = -d + g*d, 0 = -3*d + 15. What is the remainder when 1 is divided by p?
0
Suppose -6*y = 5*v - y - 20, v - 8 = 3*y. Let d = 16 + v. What is the remainder when d is divided by 8?
5
Let g(n) = 12*n**2 + n - 1. Suppose b + 2*u - 4*u - 10 = 0, -5*b + 14 = -u. Suppose -b*a + a + 1 = 0. What is the remainder when 35 is divided by g(a)?
11
Suppose -x - 2*x = 0. Suppose x = -4*u - u + 255. Calculate the remainder when u is divided by 13.
12
Suppose 4 = 4*y, -34 = -2*q + 3*y + 3. Suppose -3*i = i + 4*d - q, 3*d - 11 = -2*i. Let j(s) = s**2 - 2*s + 5. What is the remainder when 37 is divided by j(i)?
11
Suppose 23 = 4*g - 3*g. Calculate the remainder when 90 is divided by g.
21
What is the remainder when (-2)/((-3)/((-351)/(-6))) is divided by 22?
17
Let b(o) = o**2 - 4*o + 4. Calculate the remainder when 1*17*2*4/8 is divided by b(4).
1
Suppose 4*m = -4*y - 0*m + 36, -4*m = -3*y + 6. Let h(s) = -s**2 + 6*s + 8. Calculate the remainder when h(y) is divided by 3.
2
Let j = 17 - 10. Suppose p - j - 6 = -5*u, -4*p + 4 = 4*u. Calculate the remainder when u is divided by 3.
0
Let j = -30 + 44. What is the remainder when j is divided by (-3)/(3/1 - (-18)/(-5))?
4
Let o(l) = -2*l + 18. What is the remainder when 31 is divided by o(5)?
7
Suppose -4*r + 68 = 3*a, 0 = 2*a - 4*r - 34 + 2. Suppose -3*s + t - 3 = -2*t, -4*s - 11 = 3*t. Calculate the remainder when a is divided by s/((-6)/33*1).
9
Suppose -4*t + 67 = -53. Calculate the remainder when 59 is divided by t.
29
Suppose -5*o + 57 + 33 = 0. What is the remainder when o is divided by 10?
8
Suppose 3*g - 19 = 5*j + 57, -5*g - 2*j + 168 = 0. What is the remainder when 124 is divided by g?
28
Let o(k) = -3 + 1 + 0 - 4 + 3*k. Let m(w) = -2*w + 5. Let s(z) = 4*m(z) + 3*o(z). What is the remainder when 14 is divided by s(3)?
4
Let r(f) = 2*f**2 - 14*f + 8. Calculate the remainder when 119 is divided by r(8).
23
Suppose 7*y = 3*y + 304. Calculate the remainder when y is divided by 16.
12
What is the remainder when (-414)/(-2)*(-2)/(-6) is divided by 14?
13
Suppose -2*t + 17 = -7. Suppose x = -4*b + 55, 237 = 5*x - b + 2*b. What is the remainder when x is divided by t?
11
Let z(t) = 6*t + 1. Let v be z(1). Let h be ((-8)/2)/(v/(-7)). Let w(b) = 17*b - 3. Calculate the remainder when w(h) is divided by 17.
14
Let n(b) = -3*b - 2. Let s be n(-3). Let j = s - 3. Calculate the remainder when 11 is divided by j.
3
Let o(n) = -18*n**2 - 3. Let h be o(3). Let v = h - -336. Let f = -113 + v. What is the remainder when f is divided by 20?
18
Let a(x) = 2*x**2 - 21*x + 24. What is the remainder when a(10) is divided by 4?
2
Let g be 4 - (-2)/(-6)*3. Suppose v + 4*y + 4 = 2*v, g*y = -12. What is the remainder when 8/v - 38/(-3) is divided by 7?
5
Let g = 8 + -2. Let v(s) = 5*s + 62. What is the remainder when v(-8) is divided by g?
4
Suppose 0*d - 130 = -5*d. Let u = -177 + 254. Calculate the remainder when u is divided by d.
25
Calculate the remainder when 23 is divided by 9*-4*(-1)/3.
11
Let x = 5 + 3. Let c(d) = 1 + 7 - 3*d**2 - 4 + 3*d - 2*d**3. Calculate the remainder when c(-3) is divided by x.
6
Suppose 84 = 6*k - 2*k - 4*a, -k + 15 = 5*a. Suppose 4*j = 5*t - 28 + 249, 0 = -3*j + t + 174. Calculate the remainder when j is divided by k.
19
Suppose 0 = -5*t + 141 + 349. Suppose -3*g + t = -52. What is the remainder when g is divided by 13?
11
Let n = -40 + 42. What is the remainder when 9 is divided by n?
1
Suppose -5*x + 5*t = -0*x - 250, -84 = -2*x - 2*t. What is the remainder when x is divided by 12?
10
Suppose -3*v = -v. Suppose v*q = q - 39. Calculate the remainder when q is divided by 20.
19
Let x = -16 + 9. Let s = x + 12. Suppose s*g - o - 155 = 0, 0*o - o = 2*g - 62. What is the remainder when g is divided by 8?
7
Suppose -3*p - 2*p - 2*m = -108, 4 = m. Let v = 23 - -135. Suppose -3*l + 0*f - f = -119, -4*l + v = f. Calculate the remainder when l is divided by p.
19
What is the remainder when 48 is divided by (-9)/(-3) - 20/(-2)?
9
Let u(a) = 15*a - 5. What is the remainder when u(8) is divided by 30?
25
Suppose 10 = 5*z - 0*z. Suppose 3*j - 16 = -4*b, b + z*b - 3 = 0. What is the remainder when 15 is divided by j?
3
Let y(q) = -q**2 + 11*q + 4. Calculate the remainder when y(5) is divided by 13.
8
Let x = 19 + -7. Calculate the remainder when (3/(-3))/(5/(-15)) - -19 is divided by x.
10
Let y(v) = v**2 - 2*v - 1. Let i = 9 - 1. What is the remainder when y(-3) is divided by i?
6
Let r = 10 + -5. Suppose -4*x + 38 + 10 = -3*c, -60 = -r*x + 5*c. Calculate the remainder when (-68)/(-3) - (39/(-9) + 5) is divided by x.
10
Suppose 10*l + 12 = 12*l. What is the remainder when 29 is divided by l?
5
Let g = -42 - -79. What is the remainder when 108 is divided by g?
34
Suppose -4*c = 2*u - 200, -5*u - 39 + 0 = -c. Let o = 27 + -16. Let z = o - -6. Calculate the remainder when c is divided by z.
15
What is the remainder when (8/(-5))/(8/(-280)) is divided by 29?
27
Suppose -18*i + 12 + 60 = 0. Let h(f) = f**2 + 4*f - 5. Let p be h(-5). Suppose 5*j + 5 - 15 = p. What is the remainder when i is divided by j?
0
Suppose 170 = 5*c + 2*v - 7*v, 0 = -5*c - 3*v + 186. Suppose -6*u + u + 5 = 0. Calculate the remainder when c is divided by 2 + (u - 0) + 16.
17
Suppose 16 = 2*r - s, -2*r + 3*s + 18 = -2. Let d(u) = 3*u - 1. What is the remainder when d(r) is divided by 7?
6
Let c be 63/14*(-1 - 5). Let u = -11 - c. What is the remainder when u is divided by 56/9 - 4/18?
4
Let n be (-1 + -3)*-2 + 2. Let r(p) = 12*p**2 - 1. What is the remainder when r(-1) is divided by 45/6*8/n?
5
Suppose 0*v - 2 = -v - 4*g, -48 = -2*v + 3*g. Calculate the remainder when 34 is divided by v.
16
Let j = 35 - 16. Let l = -15 + j. Suppose 12 = -0*p + 2*p. What is the remainder when p is divided by l?
2
Let s(d) = 107*d**3 - 2*d + 1. What is the remainder when s(1) is divided by 27?
25
Let z(m) = -m - m**2 + 6*m**3 + m**2 + m**3 + 3. What is the remainder when z(2) is divided by 29?
28
Suppose -13*q + 356 = -9*q. What is the remainder when 21 is divided by (-4)/(-14) + q/7?
8
Let n = -6 - -25. Suppose 0*j + 5*j = 3*t + 33, 0 = -j - 4*t + 2. Suppose j = u - 1. Calculate the remainder when n is divided by u.
5
Let m be (-6)/(1 + 3/(-9)). Let f(w) = -2*w - 13. Suppose 0 = -5*i + 13 - 3. What is the remainder when f(m) is divided by i?
1
Let w(j) = 2*j**3 + 5*j**2 + 2*j - 3*j**3 - 6 - 1. Calculate the remainder when 8 is divided by w(5).
2
Suppose -5*z + 7*y + 150 = 2*y, -5*z - 3*y = -158. Let g = z - 4. Calculate the remainder when g is divided by 14.
13
Let j(b) = 35*b**3 - b**2 + 2*b - 1. Calculate the remainder when j(1) is divided by 18.
17
Let a be (0 + 2)*19/(-2). Let j = a + 31. What is the remainder when 34 is divided by j?
10
Suppose -3*i + 6 = -0*i. Suppose 38 = i*p - p. Calculate the remainder when p is divided by 20.
18
Suppose 4*a + 5*k = 49, 3*k + k - 2 = 3*a. Let o(v) = v - 3. Let p be o(-3). Let j(s) = -s + 4. What is the remainder when j(p) is divided by a?
4
Let l = 109 + -95. Let g = 10 + -6. Let i = g + 23. Calculate the remainder when i is divided by l.
13
Let g(n) = -7*n. Let w(j) = 6*j + 1. Let u(t) = 5*g(t) + 6*w(t). Let c be u(-9). What is the remainder when 97/3 + c/9 is divided by 11?
10
What is the remainder when ((-15)/(-30))/(1/38) is divided by 11?
8
Suppose 20 + 0 = 4*k. Let t be -2 + 3/9*3. Let x(c) = 8*c**2 - c - 1. What is the remainder when x(t) is divided by k?
3
Let g(v) = v + 3. Let c be g(0). Suppose c*f - 300 + 75 = 0. Suppose -5*a + f = -3*n, -10 = 2*a - 2*n - 36. Calculate the remainder when a is divided by 10.
8
Suppose -3*u - 4 = -2*u + n, n = 4*u - 9. Calculate the remainder when 1 is divided by u.
0
Suppose -3*s - 45 = -8*s. Suppose -5*i + 66 + s = 0. What is the remainder when i is divided by 4?
3
Let f(y) = 10*y + 2. Suppose 190 = 2*b - 10*s + 6*s, -3*b - 3*s = -240. Calculate the remainder when b is divided by f(2).
19
Let v(t) = -t**2 - 14*t - 12. Let j = 29 + -20. Calculate the remainder when v(-9) is divided by j.
6
Let o = 6 - -6. Suppose l + p - 5 = 0, -2*p + 8 + 8 = 4*l. Suppose -2*h + 170 = l*h. What is the remainder when h is divided by o?
10
Suppose -2*i = -2*s + 2, -4*s - 6 + 31 = 3*i. What is the remainder when 9 is divided by i?
0
Suppose -4 = -3*a - 1. Sup